48976.
28
Calculate the highest common divisor of 1282498 and 340774.
1414
Calculate the greatest common factor of 277992 and 2754.
162
What is the highest common factor of 51200 and 16313600?
6400
What is the greatest common factor of 12312 and 446820?
12
What is the highest common divisor of 438512 and 3744?
16
Calculate the greatest common divisor of 6294810 and 147870.
1590
What is the greatest common divisor of 154609654 and 2634?
878
Calculate the greatest common divisor of 174624 and 127726542.
10914
What is the greatest common factor of 170 and 86750?
10
Calculate the highest common factor of 119 and 5062770.
17
Calculate the highest common divisor of 745668 and 178616.
1076
What is the greatest common divisor of 11790656 and 64?
64
Calculate the greatest common factor of 49059 and 215487.
621
What is the greatest common divisor of 1135800 and 12500?
100
What is the highest common factor of 325480 and 383150?
790
Calculate the highest common divisor of 2661 and 30158000.
887
What is the greatest common factor of 2263756 and 10692?
44
Calculate the greatest common divisor of 49832190 and 930.
930
What is the greatest common divisor of 175767 and 220047?
123
What is the highest common divisor of 1779264830 and 20?
10
What is the highest common divisor of 701975509 and 2414?
1207
Calculate the greatest common factor of 327860 and 163348.
388
Calculate the highest common divisor of 349754052 and 9.
3
Calculate the greatest common factor of 4063780 and 1540.
140
What is the highest common factor of 4239 and 120904287?
471
What is the greatest common divisor of 2667 and 52066063?
889
Calculate the greatest common factor of 1313 and 1502916259.
1313
What is the highest common divisor of 427 and 169153488?
427
Calculate the highest common divisor of 11191 and 9186006.
361
Calculate the greatest common divisor of 87355594 and 1124.
562
Calculate the highest common divisor of 720 and 13308240.
240
Calculate the greatest common factor of 186557 and 191023.
203
What is the highest common factor of 170135542 and 1028?
514
What is the greatest common factor of 2831795179 and 11611?
11611
Calculate the greatest common factor of 1817 and 17684861.
1817
What is the greatest common divisor of 749 and 1372?
7
What is the highest common factor of 59145 and 127785?
15
What is the greatest common divisor of 43862925 and 7980?
285
What is the highest common factor of 25229604 and 12?
12
Calculate the highest common factor of 11670 and 106364270.
3890
What is the greatest common factor of 9108 and 870228?
828
What is the highest common divisor of 8513460 and 20?
20
What is the greatest common factor of 1 and 20361269?
1
What is the highest common factor of 27 and 634584?
3
What is the highest common factor of 2535349 and 98575?
3943
What is the highest common factor of 1536 and 220200?
24
What is the highest common factor of 3370 and 126877130?
3370
Calculate the greatest common divisor of 76059588 and 12.
12
Calculate the highest common divisor of 8100758 and 18506.
974
What is the greatest common factor of 3819 and 3135342?
57
Calculate the greatest common factor of 5592996 and 2052.
108
Calculate the highest common factor of 544 and 12287515.
17
Calculate the greatest common factor of 114191498 and 8248.
2062
What is the highest common divisor of 6798 and 60126?
66
What is the highest common divisor of 4 and 21029458?
2
Calculate the greatest common factor of 387 and 7852797.
9
What is the highest common factor of 10197882 and 54?
18
What is the highest common factor of 6614 and 1678?
2
Calculate the greatest common divisor of 3937 and 48608.
31
Calculate the highest common factor of 41118 and 219142.
154
What is the greatest common divisor of 320 and 1176408?
8
Calculate the greatest common factor of 44880 and 100155.
165
What is the greatest common factor of 4009 and 82872571?
211
What is the greatest common factor of 1587018 and 225114?
102
Calculate the highest common divisor of 2329722 and 76042.
394
What is the highest common factor of 781 and 9329078?
11
Calculate the highest common divisor of 620 and 1416045280.
620
What is the greatest common divisor of 1488690 and 111384?
2142
What is the highest common divisor of 32973 and 17260418?
379
Calculate the greatest common divisor of 543092 and 5489.
11
Calculate the highest common divisor of 22 and 1034968044.
22
Calculate the greatest common divisor of 1733522 and 18.
2
Calculate the highest common divisor of 1041 and 156340503.
1041
What is the highest common divisor of 1183 and 58601764?
169
Calculate the highest common divisor of 45324278 and 1878.
626
What is the highest common divisor of 26144198 and 14042?
2006
Calculate the greatest common factor of 442497 and 9063.
159
Calculate the greatest common factor of 47338159 and 44.
11
What is the greatest common factor of 871012546 and 10748?
5374
What is the greatest common divisor of 1944 and 638064?
216
Calculate the greatest common factor of 43337 and 4556699.
287
Calculate the highest common factor of 1033179093 and 342.
171
What is the highest common divisor of 4440500 and 166?
166
Calculate the greatest common factor of 309101 and 81497884.
5239
What is the highest common factor of 30 and 262093695?
15
What is the greatest common factor of 8702 and 67323023?
4351
What is the greatest common divisor of 304381 and 1846051?
3953
What is the greatest common divisor of 33976 and 30797600?
1096
What is the greatest common divisor of 30899988 and 540?
108
Calculate the highest common factor of 208780742 and 4.
2
What is the greatest common divisor of 3600 and 311028?
12
Calculate the highest common factor of 136 and 59299859.
17
Calculate the greatest common divisor of 6 and 55630824.
6
Calculate the highest common factor of 437 and 724799.
23
Calculate the highest common factor of 7095 and 8989860.
165
What is the greatest common factor of 1220873 and 26753?
31
What is the highest common divisor of 7235730 and 2997?
81
Calculate the greatest common factor of 98136648 and 72.
72
Calculate the greatest common factor of 193711 and 21.
7
What is the greatest common divisor of 40 and 24469908?
4
What is the greatest common factor of 1764 and 53519172?
588
What is the greatest common factor of 318960422 and 7496?
1874
What is the greatest common factor of 87 and 15789340?
29
What is the greatest common divisor of 2739898 and 1930781?
2921
What is the highest common divisor of 145612664 and 2616?
872
What is the greatest common divisor of 2058 and 2482727982?
2058
Calculate the highest common factor of 54007 and 439189.
1019
What is the highest common divisor of 12125 and 426625?
125
What is the highest common divisor of 3350286 and 282?
6
Calculate the greatest common factor of 1246259 and 97.
1
Calculate the highest common factor of 18360 and 1043970.
510
What is the highest common factor of 136247333 and 119?
17
What is the highest common divisor of 18 and 526275468?
18
What is the greatest common divisor of 2745 and 166875?
15
What is the greatest common divisor of 5191071 and 3?
3
Calculate the greatest common factor of 2433320 and 320.
40
Calculate the greatest common factor of 3976655 and 6955.
535
What is the highest common factor of 382194 and 14890578?
7494
Calculate the greatest common divisor of 2888835 and 44655.
3435
Calculate the greatest common divisor of 75854805 and 5175.
345
Calculate the highest common divisor of 259 and 23643703.
37
Calculate the greatest common divisor of 104081 and 897347.
2813
Calculate the highest common divisor of 52 and 6985186.
26
Calculate the highest common divisor of 25100517 and 8908.
2227
What is the highest common divisor of 111930 and 32784010?
2870
What is the greatest common factor of 22878459 and 36?
9
What is the highest common factor of 332 and 127899348?
332
Calculate the highest common divisor of 22 and 4051069.
11
Calculate the greatest common factor of 92707113 and 97527.
5133
Calculate the greatest common divisor of 79436514 and 678.
678
Calculate the greatest common divisor of 34904023 and 49.
49
What is the highest common divisor of 74780 and 522720?
20
Calculate the greatest common divisor of 2007075 and 42.
21
Calculate the greatest common factor of 1761600 and 36160.
320
Calculate the